= 0 - x - 2 + 0*x**3 + 2*x**3 - x**3. Let g(v) = -l(v) + 2*n(v). Calculate the remainder when 95 is divided by g(3).
23
What is the remainder when 237 - (8/12 + 66/9) is divided by 20?
9
Suppose 4*b = 9*b - 65. Suppose 2*l - 10 = 6. What is the remainder when b is divided by l?
5
Let k = 96 + -88. Suppose 728 = k*u - u. What is the remainder when u is divided by 35?
34
Suppose 0 = -3*w, 3*o = -2*o + w - 20. Let g(s) = -s**3 - 4*s**2 + s + 7. Let u be g(o). Calculate the remainder when 72 is divided by 438/24 + u/4.
15
Let z(c) = -3*c**3 - 4*c**2 - 3*c - 2. Let j be z(-2). Let d(a) = 13*a - 21 - a**3 + 49 + 11*a**2 - 21. Calculate the remainder when 34 is divided by d(j).
15
Suppose 5*b = 4*b + 2, -5*j + 4*b + 67 = 0. Calculate the remainder when 284 is divided by j.
14
Let n = 25 - -6. Suppose 101 = 5*d + n. Let w = 16 + -8. Calculate the remainder when d is divided by w.
6
Let b = -1814 + 1835. What is the remainder when 36 is divided by b?
15
Let x(y) = -y**2 + 6*y + 8. Let g be x(7). Suppose -i = -20 - g. Calculate the remainder when i is divided by (-376)/(-32) + (-2)/(-8).
9
Calculate the remainder when -1 + (-4)/12*-219 is divided by 26.
20
Calculate the remainder when 1 - 2 - -17*1 is divided by (336/80)/(9/15).
2
What is the remainder when 4/((-6)/612*-6) is divided by 12?
8
Suppose 663*x - 665*x + 142 = 0. Suppose n + 3 = -s, 3*n + 0*s - 1 = -s. Calculate the remainder when x is divided by n/4 + (-140)/(-8).
17
Let h = 2182 + -2180. Calculate the remainder when 105 is divided by h.
1
Let b = -106 + 32. Calculate the remainder when 102 is divided by -3 + b/(-26) + 171/13.
11
Suppose 5*s + 97 + 3 = 0. Let p(d) = -d**2 - 22*d - 36. What is the remainder when p(s) is divided by 3*((-4)/(-6) + 0)?
0
Let v(k) = -8*k - 2. Let i = 11 + -8. Suppose h - 24 = -i*h. Calculate the remainder when v(-3) is divided by h.
4
Let k = 10 + -7. Suppose -3*w = k*b - 459, 6*w - 5*b = w + 735. Suppose w = r + 4*r. Calculate the remainder when r is divided by 8.
6
Let y(c) = -31*c - 14. Calculate the remainder when 57 is divided by y(-2).
9
Let v = 987 - 904. What is the remainder when v is divided by 29?
25
Let l = -47 - 48. Let t = 189 + l. What is the remainder when t is divided by 19?
18
Let k(c) = 3*c**2 + c - 3. Suppose 6*d = -2025 - 159. What is the remainder when (-1)/4 - 7/(d/4121) is divided by k(3)?
25
Let n = 38 - -11. Suppose -2*j + j - w + 69 = 0, 5*w = -j + n. Suppose 3*g + 3 = 0, 2*z + g = 3*z - j. What is the remainder when z is divided by 25?
23
Suppose -32 = -l + 5*k, 3*k = -4*l + l + 6. Suppose 0 = d - l + 2. What is the remainder when 24 is divided by d?
4
Suppose -99 = -14*i + 5*i. Let c = -42 + 70. What is the remainder when c is divided by i?
6
Let i be ((-312)/(-91))/((-2)/(-49)). Suppose 0 = 5*p - 81 - i. Calculate the remainder when 130 is divided by p.
31
Suppose -4 = -2*z - k, z + 2*k - 6 = 2. Calculate the remainder when (z - 4/(-4))*(-130)/(-2) is divided by (1 - 0)*(20 - -2).
21
Let q(k) be the second derivative of 5*k**3/6 + 9*k**2/2 - 2*k. Let h = 44 - 40. Calculate the remainder when 113 is divided by q(h).
26
Let f = 286 + 81. What is the remainder when f is divided by 46?
45
Let c = -8291 - -8321. Let x(n) = 10*n - 3. Calculate the remainder when x(6) is divided by c.
27
Suppose 46 = k - 128. Suppose 9*l - 7*l = k. Calculate the remainder when l - (5 + (-2 - 1)) is divided by 22.
19
Suppose -5*p = -10*v + 15*v - 610, -5*p + 366 = 3*v. Calculate the remainder when v is divided by 41.
40
Let i(x) = 11*x - 2. Suppose -4*l + 35 = -3*b, -l - b = 4*l - 58. Let m be (-7)/(-3) - l/33. Calculate the remainder when 59 is divided by i(m).
19
Let h(v) = -v**3 - 29*v**2 - 28*v + 13. What is the remainder when 4*1*(-110)/(-20) is divided by h(-28)?
9
Suppose 53 = 4*m - 3*a, 2*a - 44 = -0*m - 3*m. Let f(b) = -b**3 + 7*b**2 + b + 3. Let u be f(6). Let k = u - 19. What is the remainder when k is divided by m?
12
What is the remainder when 50 is divided by 4/5*(-195)/(-26)?
2
Suppose -3*g = -4*p - 793, -4*p + 2*g - g - 795 = 0. Let a = -128 - p. What is the remainder when a is divided by 19?
14
Suppose r = 498 - 483. Let u(o) = 3*o**2 + o - 6. What is the remainder when u(5) is divided by r?
14
Let b(n) = n**2 - 3*n - 5. Suppose 0 = -5*j + 5, -j = -q + 12 - 0. What is the remainder when b(-4) is divided by q?
10
Let q(r) = -r. Let l(k) = -4*k - 3. Let f(s) = -l(s) + 6*q(s). Let j(b) = -7*b + 1. What is the remainder when f(-10) is divided by j(-1)?
7
Let l be ((-10)/(-15))/((-2)/(-21)). Let g = l + 7. What is the remainder when g is divided by 5?
4
Suppose d = -5*g + 727, -3*g + 0*d = 4*d - 426. What is the remainder when g is divided by 30?
26
Let a be (33/(-44))/((-1)/20). Let o = a + -34. What is the remainder when (o/(-4))/(4/16) is divided by 4?
3
Calculate the remainder when 108 is divided by (-7728)/(-216) - (-2)/9.
0
Suppose z = 3*w - 64, 11*w = 14*w - 4*z - 58. What is the remainder when w is divided by 2/7 - (-165)/35?
2
Let b(h) = -h**2 - 7*h - 7. Let x be b(-4). Suppose 153 = x*s + 38. Calculate the remainder when s is divided by 5.
3
Let s(r) = 48*r + 1531. Calculate the remainder when s(-31) is divided by (-43)/(-3) - (-2)/3.
13
Calculate the remainder when 616 is divided by 10 + -21 - (-70 - 3).
58
Let z(x) = -x**3 - 6*x**2 - 5. Let p be z(-6). Let i = p + 4. Let q(y) = 4*y**2 + y. What is the remainder when 11 is divided by q(i)?
2
Suppose 111*m - 104*m - 3402 = 0. Calculate the remainder when m is divided by 14.
10
Let u = 19 - 6. Let q = u - -1. Suppose 2*b = 4 + q. What is the remainder when 24 is divided by b?
6
Let j be 0 + (-5 - -3) - 1067*-1. Suppose j = 10*g - 355. Calculate the remainder when g is divided by 16.
14
Let u = -1076 - -1089. What is the remainder when 829 is divided by u?
10
Suppose 4*n - 101 = -17. Calculate the remainder when (-122)/6*(-5 + 8 - 6) is divided by n.
19
Let t(b) = b + 9. Let z be t(-3). Suppose 5*w - 40 = 5*o, -2*w + o = z*o - 44. Suppose -210 = -y - 5*y. Calculate the remainder when y is divided by w.
11
Let c(d) = d**3 + 21*d**2 - 22*d + 12. Calculate the remainder when 59 is divided by c(-22).
11
What is the remainder when 790 is divided by -4 + 9/((-9)/(-11))?
6
Let h(j) = j**3 - 11*j**2 + 5*j + 20. Calculate the remainder when 448 is divided by h(11).
73
Let g be -5 - (-24)/(-2)*-7. Let x = g + -65. What is the remainder when 69 is divided by x?
13
Let o be 2 - (-4 + 1 - -3). Suppose -3*k = -2*m + o*k + 111, -4*m + 5*k + 197 = 0. Suppose 0 = -3*g + 4*g - m. What is the remainder when g is divided by 11?
10
Suppose -2*r + 23 = -7*j + 4*j, -4*r + 5*j + 43 = 0. Calculate the remainder when (-2)/8*-14*r*2 is divided by 13.
10
Let a be (14/5)/(2/5). Suppose 52 = -a*f + 11*f. What is the remainder when f is divided by 5?
3
Let f(k) = -14*k - 256. Let w(r) = 5*r + 3. Let a be w(9). Suppose j = 4*j - a. What is the remainder when j is divided by f(-19)?
6
Let t = -2511 - -2521. Calculate the remainder when 224 is divided by t.
4
Let h = 515 - 367. Calculate the remainder when h is divided by 34.
12
Let w = -8474 - -8537. Let r(h) = h**2 + 9*h + 4. Let i be r(-6). Let g = 2 - i. Calculate the remainder when w is divided by g.
15
Suppose -3*l + 104 = l. Suppose 0 = s + 3*c + 10, -5*s + 0*s = -4*c - l. What is the remainder when 23 is divided by 14 - (1 + s + -1)?
11
Let z = -19 - -53. Let l = 37 - z. Suppose 3*i - 2*i = l*m - 256, -4*i = -3*m + 241. What is the remainder when m is divided by 30?
27
Suppose -10*k + 157 = -23. What is the remainder when 71 is divided by k?
17
Let p be (21/9)/(1/3). Suppose -4 = 3*d + 2*w, -5*d - 3*w - 1 = p. Calculate the remainder when (-24 - -3)*d/6 is divided by 8.
6
Let w be (-3)/21 + 344/7. Suppose -4*p = -3*f + 60, w - 4 = 3*f + p. Suppose 2*z - 4*z = -f. Calculate the remainder when 13 is divided by z.
5
Let s(d) = -d**2 - 28*d - 63. Calculate the remainder when s(-19) is divided by 10.
8
Suppose 3*u - 78 = -0*u. What is the remainder when u is divided by 5 - (-10 + 4 + 7)?
2
Calculate the remainder when 32 is divided by (-1)/(-3)*187/(-22)*-6.
15
Let c = 24 - 22. Suppose -28 = -4*j + 3*g, c*j - 1 = 3*g + 13. What is the remainder when (-4)/j*546/(-12) is divided by 14?
12
Let o(p) = p**3 - 13*p**2 + p. Calculate the remainder when 37 is divided by 